{"id":75,"date":"2025-05-12T09:36:41","date_gmt":"2025-05-12T14:36:41","guid":{"rendered":"https:\/\/asoazuaycge.com\/?page_id=75"},"modified":"2026-03-27T13:08:26","modified_gmt":"2026-03-27T18:08:26","slug":"ahorros","status":"publish","type":"page","link":"https:\/\/asoazuaycge.com\/index.php\/ahorros\/","title":{"rendered":"Ahorros"},"content":{"rendered":"\t\t<div data-elementor-type=\"wp-page\" data-elementor-id=\"75\" class=\"elementor elementor-75\" data-elementor-post-type=\"page\">\n\t\t\t\t<div class=\"elementor-element elementor-element-50eaa9b e-flex e-con-boxed e-con e-parent\" data-id=\"50eaa9b\" data-element_type=\"container\" data-e-type=\"container\">\n\t\t\t\t\t<div class=\"e-con-inner\">\n\t\t\t\t<div class=\"elementor-element elementor-element-d922517 elementor-widget elementor-widget-image\" data-id=\"d922517\" data-element_type=\"widget\" data-e-type=\"widget\" data-widget_type=\"image.default\">\n\t\t\t\t<div class=\"elementor-widget-container\">\n\t\t\t\t\t\t\t\t\t\t\t\t\t\t\t<img fetchpriority=\"high\" decoding=\"async\" width=\"1000\" height=\"667\" src=\"https:\/\/asoazuaycge.com\/wp-content\/uploads\/2025\/05\/126.jpg\" class=\"attachment-large size-large wp-image-22\" alt=\"\" \/>\t\t\t\t\t\t\t\t\t\t\t\t\t\t\t<\/div>\n\t\t\t\t<\/div>\n\t\t\t\t\t<\/div>\n\t\t\t\t<\/div>\n\t\t<div class=\"elementor-element elementor-element-6107b89 e-flex e-con-boxed e-con e-parent\" data-id=\"6107b89\" data-element_type=\"container\" data-e-type=\"container\">\n\t\t\t\t\t<div class=\"e-con-inner\">\n\t\t\t\t<div class=\"elementor-element elementor-element-3f05987 elementor-widget elementor-widget-html\" data-id=\"3f05987\" data-element_type=\"widget\" data-e-type=\"widget\" data-widget_type=\"html.default\">\n\t\t\t\t<div class=\"elementor-widget-container\">\n\t\t\t\t\t<h2 style=\"color:#074749; text-align:center; font-size:40px\">Ahorros a la vista<\/h2>\n\n\n\n\t\t\t\t<\/div>\n\t\t\t\t<\/div>\n\t\t<div class=\"elementor-element elementor-element-6f4528c e-grid e-con-full e-con e-child\" data-id=\"6f4528c\" data-element_type=\"container\" data-e-type=\"container\">\n\t\t\t\t<div class=\"elementor-element elementor-element-3397afc elementor-hidden-mobile elementor-widget elementor-widget-image\" data-id=\"3397afc\" data-element_type=\"widget\" data-e-type=\"widget\" data-widget_type=\"image.default\">\n\t\t\t\t<div class=\"elementor-widget-container\">\n\t\t\t\t\t\t\t\t\t\t\t\t\t\t\t<img decoding=\"async\" src=\"https:\/\/asoazuaycge.com\/wp-content\/plugins\/elementor\/assets\/images\/placeholder.png\" title=\"\" alt=\"\" loading=\"lazy\" \/>\t\t\t\t\t\t\t\t\t\t\t\t\t\t\t<\/div>\n\t\t\t\t<\/div>\n\t\t\t\t<div class=\"elementor-element elementor-element-645b667 elementor-widget__width-initial elementor-widget elementor-widget-html\" data-id=\"645b667\" data-element_type=\"widget\" data-e-type=\"widget\" data-widget_type=\"html.default\">\n\t\t\t\t<div class=\"elementor-widget-container\">\n\t\t\t\t\t\n<h3 style=\"margin-top:25px; color:#1F8197\">Requisitos<\/h3>\n\n\n<div style= \"display:grid;grid-template-columns:25px 1fr; align-items:center; line-height:20px; row-gap:15px\n\n \" >\n<img decoding=\"async\" style= \";\" src=\"https:\/\/coopatlantida.com\/wp-content\/uploads\/2024\/12\/icons8-check-100.png\" width=17px>\n\n<span style= \"color:#000;\" >\nCopia de c\u00e9dula de identidad y papeleta de votaci\u00f3n<\/span>\n\n\n<img decoding=\"async\" style= \";\" src=\"https:\/\/coopatlantida.com\/wp-content\/uploads\/2024\/12\/icons8-check-100.png\" width=17px>\n\n<span style= \"color:#000;\" >\nPlanilla de un servicio b\u00e1sico (agua, luz, tel\u00e9fono)\n\n<\/span>\n\n<img decoding=\"async\" style= \";\" src=\"https:\/\/coopatlantida.com\/wp-content\/uploads\/2024\/12\/icons8-check-100.png\" width=17px>\n\n<span style= \"color:#000;\" >\nValor m\u00ednimo de apertura USD 25\n\n<\/span>\n\n<\/div><br>\n<span>*Aplica restricciones<\/span>\n\n\n\n\n\n\t\t\t\t<\/div>\n\t\t\t\t<\/div>\n\t\t\t\t<div class=\"elementor-element elementor-element-01fcb2a elementor-widget__width-initial elementor-widget elementor-widget-html\" data-id=\"01fcb2a\" data-element_type=\"widget\" data-e-type=\"widget\" data-widget_type=\"html.default\">\n\t\t\t\t<div class=\"elementor-widget-container\">\n\t\t\t\t\t<h3 style=\"margin-top:25px; color:#1F8197\">Beneficios<\/h3>\n\n\n<div style= \"display:grid;grid-template-columns:25px 1fr; align-items:center; line-height:20px; row-gap:15px\n\n \" >\n<img decoding=\"async\" style= \";\" src=\"https:\/\/coopatlantida.com\/wp-content\/uploads\/2024\/12\/icons8-check-100.png\" width=17px>\n\n<span style= \"color:#000;\" >\nCero costos de mantenimiento\n<\/span>\n\n\n<img decoding=\"async\" style= \";\" src=\"https:\/\/coopatlantida.com\/wp-content\/uploads\/2024\/12\/icons8-check-100.png\" width=17px>\n\n<span style= \"color:#000;\" >\nDisponibilidad de su dinero al instante\n<\/span>\n\n\n<img decoding=\"async\" style= \";\" src=\"https:\/\/coopatlantida.com\/wp-content\/uploads\/2024\/12\/icons8-check-100.png\" width=17px>\n\n<span style= \"color:#000;\" >\nAlta rentabilidad en sus ahorros por generaci\u00f3n de inter\u00e9s\n\n<\/span>\n\n<img decoding=\"async\" style= \";\" src=\"https:\/\/coopatlantida.com\/wp-content\/uploads\/2024\/12\/icons8-check-100.png\" width=17px>\n\n<span style= \"color:#000;\" >\nAcceso a cr\u00e9ditos\n\n<\/span>\n\n\n<\/div>\t\t\t\t<\/div>\n\t\t\t\t<\/div>\n\t\t\t\t<\/div>\n\t\t\t\t\t<\/div>\n\t\t\t\t<\/div>\n\t\t\t\t<\/div>\n\t\t","protected":false},"excerpt":{"rendered":"<p>Ahorros a la vista Requisitos Copia de c\u00e9dula de identidad y papeleta de votaci\u00f3n Planilla de un servicio b\u00e1sico (agua, luz, tel\u00e9fono) Valor m\u00ednimo de apertura USD 25 *Aplica restricciones Beneficios Cero costos de mantenimiento Disponibilidad de su dinero al instante Alta rentabilidad en sus ahorros por generaci\u00f3n de inter\u00e9s Acceso a cr\u00e9ditos<\/p>\n","protected":false},"author":1,"featured_media":0,"parent":0,"menu_order":0,"comment_status":"closed","ping_status":"closed","template":"","meta":{"_kad_post_transparent":"","_kad_post_title":"hide","_kad_post_layout":"fullwidth","_kad_post_sidebar_id":"","_kad_post_content_style":"unboxed","_kad_post_vertical_padding":"hide","_kad_post_feature":"hide","_kad_post_feature_position":"","_kad_post_header":false,"_kad_post_footer":false,"_kad_post_classname":"","footnotes":""},"class_list":["post-75","page","type-page","status-publish","hentry"],"_links":{"self":[{"href":"https:\/\/asoazuaycge.com\/index.php\/wp-json\/wp\/v2\/pages\/75","targetHints":{"allow":["GET"]}}],"collection":[{"href":"https:\/\/asoazuaycge.com\/index.php\/wp-json\/wp\/v2\/pages"}],"about":[{"href":"https:\/\/asoazuaycge.com\/index.php\/wp-json\/wp\/v2\/types\/page"}],"author":[{"embeddable":true,"href":"https:\/\/asoazuaycge.com\/index.php\/wp-json\/wp\/v2\/users\/1"}],"replies":[{"embeddable":true,"href":"https:\/\/asoazuaycge.com\/index.php\/wp-json\/wp\/v2\/comments?post=75"}],"version-history":[{"count":16,"href":"https:\/\/asoazuaycge.com\/index.php\/wp-json\/wp\/v2\/pages\/75\/revisions"}],"predecessor-version":[{"id":159,"href":"https:\/\/asoazuaycge.com\/index.php\/wp-json\/wp\/v2\/pages\/75\/revisions\/159"}],"wp:attachment":[{"href":"https:\/\/asoazuaycge.com\/index.php\/wp-json\/wp\/v2\/media?parent=75"}],"curies":[{"name":"wp","href":"https:\/\/api.w.org\/{rel}","templated":true}]}}